alculate the remainder when 92 + 0/(-2) + 0 is divided by r.
30
Let m be ((-25*9)/3)/(3/(-2)). Let y = -6 - 10. Let g = m + y. What is the remainder when g is divided by 12?
10
Let x = 19 - -18. Calculate the remainder when x is divided by 8.
5
Suppose 0 = -2*t + 2*p + 36, 8 - 3 = 5*p. Calculate the remainder when t is divided by 7.
5
Let w(k) = 14*k + 2. Let t be w(2). Suppose 2*r + t = 5*r. What is the remainder when 29 is divided by r?
9
Let k be 20/(-6)*(-9)/3. Suppose 0 = -a + 5*a. Suppose a*g - k = -g. Calculate the remainder when 28 is divided by g.
8
Let f = -9 - -12. Suppose -f*o + 16 = -14. Calculate the remainder when 37 is divided by o.
7
Suppose p = -5*y + 30, 2*p + 6 = -4*y + 36. Suppose -54 = -2*b - 2*i, -p*i - 38 = -3*b + 35. Calculate the remainder when b is divided by 7.
5
Let n = 115 + -78. Let l(u) = -u**2 - u + 13. What is the remainder when n is divided by l(0)?
11
Suppose -2*x + 2*t = 6*t - 144, 3*x = 3*t + 216. What is the remainder when x is divided by 20?
12
Suppose 14 = 4*v + b, v - 5*b = 4 + 10. Suppose 0*c = 2*c - 8. Suppose 5*j - c*z = 14 + 8, 4 = -4*j - 4*z. Calculate the remainder when v is divided by j.
0
Let t = 29 + -14. Suppose 0*y - 75 = -3*y + 4*n, -4*y + 107 = -3*n. What is the remainder when y is divided by t?
14
Suppose 17*n = -4*n + 273. Calculate the remainder when (-2)/((-2)/(-1))*-35 is divided by n.
9
Let f be (-1 - (-3 + 2)) + -8. Let l = 17 + f. Let k = l - -2. What is the remainder when 31 is divided by k?
9
What is the remainder when 4 is divided by 2 - 1/(0 + -1)?
1
Let t(o) = o + 2. What is the remainder when t(4) is divided by 5?
1
Calculate the remainder when 62 is divided by (11 - 9)/(-1 + (-69)/(-63)).
20
Let z = -52 + 73. Calculate the remainder when 62 is divided by z.
20
What is the remainder when 3 is divided by -3 + (4 + -2)*3?
0
Suppose -5*i - 2*r = -26, 0*i + 4*r = 5*i - 38. Let x(h) = 4*h - 14. What is the remainder when x(i) is divided by 4?
2
Suppose -3 = -5*n - 5*b + 2, 5*n - 7 = -4*b. Suppose 4*u + 8 = -o, 55 = 5*o - n*u + 4*u. Calculate the remainder when 22 is divided by o.
10
Let v(d) = -d**2 + 5*d + 6. Let p be v(6). Suppose p*b = b. Let o(n) = -n**2 - n + 38. What is the remainder when o(b) is divided by 20?
18
What is the remainder when 52 is divided by (-12)/(-18) - 104/(-6)?
16
Suppose 0*q - 34 = -3*x - 5*q, 0 = 5*x + q - 64. Suppose -3*p + b = -5*p + x, 3*b = p - 17. Calculate the remainder when 23 is divided by p.
7
Let w = 134 - 91. Calculate the remainder when w is divided by 16.
11
Let g(x) = -3*x - 13. Let h(w) = -w**3 - w**2 - w - 2. What is the remainder when h(-3) is divided by g(-8)?
8
Suppose 0 = 4*o - 0*a + 3*a - 23, -5*o + 25 = 3*a. Suppose -y - 6 = -o*y. What is the remainder when 17 is divided by y?
5
What is the remainder when (25 - 4/2) + -1 is divided by 12?
10
Suppose 9*q - 5*q - 84 = 0. What is the remainder when 61 is divided by q?
19
Suppose 4*z = 4*v - 243 - 277, -250 = 2*z + 3*v. Let i be 6/39 - z/13. Let y = i + -6. What is the remainder when 11 is divided by y?
3
Let w(l) = l**2 + 7*l + 9. Let u = 6 + -12. Calculate the remainder when 3 is divided by w(u).
0
Suppose 3*x = -x + 20. Suppose o = -2*o - 3*m + 54, o - x*m - 42 = 0. Let d = -25 + 37. What is the remainder when o is divided by d?
10
Let z = 0 - -6. Let l be (-118)/(-6) - 6/9. Calculate the remainder when l/1 + (-2)/1 is divided by z.
5
Suppose 4*c = -3*k - 22, -2*k + 29 = -3*k + 3*c. Calculate the remainder when (-24)/k*(-7)/(-2) is divided by 2.
0
Suppose 4*y - 5 = 11. Calculate the remainder when 6 is divided by y.
2
Let j(d) = -d**2 + 9*d - 7. Let r be j(7). Suppose 1 - r = -3*l. Suppose 0 = 5*u - l*u - 60. What is the remainder when 58 is divided by u?
18
Let r(c) = 15*c**3 + 3*c - 2. What is the remainder when 44 is divided by r(1)?
12
Let i(h) = 13*h + 1. Let v = -13 + 21. Calculate the remainder when i(1) is divided by v.
6
What is the remainder when 8/(-12) + 106/6 is divided by 6?
5
Let f = -10 + 22. Suppose 2*z = -s + 5*z + 67, -4*s = -2*z - 248. Suppose 3*r = -2*v + s, 2*v - 81 + 25 = -2*r. What is the remainder when v is divided by f?
11
Let h(w) = 5*w**2 + 8*w + 6. Calculate the remainder when h(-4) is divided by 11.
10
Suppose -18 = -4*v + 2*k, -4*v + 10 = -k - 5. Suppose -v = 2*g - 119. Calculate the remainder when g is divided by 12.
10
Let n = 60 - 23. Let v be ((-10)/4)/(1/(-2)). Suppose v*j - 62 - 3 = 0. What is the remainder when n is divided by j?
11
Let z(p) = -2*p - 4*p + 2*p + 5*p**2 + 2*p + 1. Let m be z(1). Let i = m - 0. What is the remainder when 7 is divided by i?
3
Let g = -5 - -20. What is the remainder when 59 is divided by g?
14
Suppose 0 = -3*b + 36 + 30. Let t = b + -8. What is the remainder when t is divided by 5?
4
Let h = 11 + -1. Let v = h - -3. Suppose -97 - 50 = -3*s. Calculate the remainder when s is divided by v.
10
Let h = -5 - -22. Suppose 28 = 5*c - h. Calculate the remainder when 34 is divided by c.
7
Let f(c) = 4*c**2 - c - 2. Let d be f(6). Calculate the remainder when 49 is divided by ((-1)/2)/((-4)/d).
15
Let j(v) = 5*v + v - 1 + 4. Let f be j(-2). Let k = f + 13. Calculate the remainder when 7 is divided by k.
3
Suppose -5*q = 4*f - 79 - 5, 3*q - f - 47 = 0. What is the remainder when 30 is divided by q?
14
Let q(z) = 12*z - 6 - 7*z + 1 + 4. What is the remainder when 41 is divided by q(3)?
13
Suppose 2*k = -3*j - 0*k + 209, 4*k - 73 = -j. What is the remainder when j is divided by 6?
3
Let b(r) = -5 + r - 2 - 2 - 7*r. What is the remainder when b(-6) is divided by 15?
12
Calculate the remainder when (-44)/33*78/(-4) is divided by 7.
5
Suppose -8*y = -7*y - 166. What is the remainder when y is divided by 56?
54
Let v = -16 - -19. What is the remainder when 8 is divided by v?
2
What is the remainder when 3 is divided by 1*(2 - 4)*-1?
1
Let x = -11 - 0. Suppose -v = -0*v + 1. Let d = v - x. What is the remainder when 17 is divided by d?
7
Let q(k) = k + 5. Let p be q(0). Suppose p*r - m - 197 = 0, -7*m + 2*m + 107 = 3*r. What is the remainder when r is divided by 14?
11
Let i(c) = c + 4. Let h be i(-3). Calculate the remainder when -1 + (h - 0) + 31 is divided by 1/(-2)*2 + 12.
9
Let b(c) = 13*c**2 - c + 1. Suppose 4*g + 2*g = 24. What is the remainder when b(1) is divided by g?
1
Suppose 3*p - 5 = 1. Suppose 5*g = 0, p = c + 4*g - 2. What is the remainder when 14 is divided by c?
2
What is the remainder when 30 is divided by 12/42*(-56)/(-2)?
6
Suppose -8 = -0*s - s. Let c(v) = -v**3 - v**2 - v + 3. What is the remainder when c(-3) is divided by ((-26)/4)/((-4)/s)?
11
Let t = 7 + 8. Suppose -t = 4*v + 5. Calculate the remainder when 13 is divided by (v/3)/(1/(-3)).
3
Suppose -3*x - 68 = -5*h, h - 12 = -3*x + 16. Suppose -5*q + 35 = 5*m, -3*q + 3 = -5*m - 10. Calculate the remainder when h is divided by q.
4
Let p(d) = -8*d. Let h = 34 + -13. What is the remainder when h is divided by p(-1)?
5
Suppose -r + 139 + 28 = 0. Let h = r - 80. Suppose 0 = -c - 4*l - l + h, 4*c + 4*l - 268 = 0. Calculate the remainder when c is divided by 21.
20
Suppose 0 = 7*v - 58 - 159. What is the remainder when 49 is divided by v?
18
Let y(d) = -2*d**3 + 3*d + 1. Suppose 0*t + t = 2. Let p be ((-10)/(-15))/(t/(-6)). What is the remainder when 21 is divided by y(p)?
10
Let d = 12 + -2. What is the remainder when 48 is divided by d?
8
Let g be (-8)/(-12) - 20/(-6). Suppose -6*p - 243 = -3*w - 3*p, g*w + p = 309. What is the remainder when w is divided by 20?
18
Suppose -72*f = -75*f + 288. Calculate the remainder when f is divided by 9.
6
Suppose -10 = -5*x + 45. Calculate the remainder when x is divided by 9.
2
Let s(r) = 2*r**2 - r - 2. Let d be s(2). Suppose d*f - 2 = 10. What is the remainder when (-50)/(-3) + 1/f is divided by 6?
5
Let a = 12 + -2. Let u = -3 - -5. Suppose -4*h = -5*m + 111, u*h + 2*h + 35 = m. What is the remainder when m is divided by a?
9
Let a be ((-12)/(-15))/(1/5). Suppose 5*c + 57 - 10 = -a*j, 0 = -5*c + 5. Let o = j - -20. What is the remainder when o is divided by 3?
1
Let r = -14 - -20. Let k = r + 7. Suppose 0*f + 3*f - 4*s - 33 = 0, -3*f + 12 = 3*s. Calculate the remainder when k is divided by f.
6
Let a(j) = -j**3 - 6*j**2 - 5*j - 1. Let o be a(-7). Suppose 2*p = o + 15. Calculate the remainder when p is divided by 13